100. What is the remainder when 23 is divided by t?
6
Let b(m) = -5*m + 32. What is the remainder when 91 is divided by b(-3)?
44
Suppose -o - 35 = -3*a, 5*a - 5*o - 43 = 2*a. Calculate the remainder when (-2)/8 - 676/(-16) is divided by a.
9
Let s = 13 - 10. Suppose -2*k - 4*v - 4 = -2, s*k + 5*v = 2. What is the remainder when 17 is divided by k?
8
Suppose 3*g - 5*g + 200 = 0. Suppose -i = 4*i + g. Let h = -7 - i. What is the remainder when 24 is divided by h?
11
Suppose -t - 5*f = -0*f - 25, 3*t - 3*f - 21 = 0. Suppose -6*z - 1 + 109 = 0. What is the remainder when z is divided by t?
8
Let i be 1/2*-2*1. Let h be 3 + i + (-3)/(-3). Suppose 5*s - m = 44, -s - h*s = -3*m - 33. What is the remainder when s is divided by 5?
4
Calculate the remainder when 26 is divided by 27/(-2)*(-2)/3.
8
Let v = 7 + 13. Calculate the remainder when v is divided by 6.
2
Let n(x) = -2*x**2 - 12*x + 2. Let i = 6 - 3. What is the remainder when i is divided by n(-6)?
1
Let l be -20*(-1)/8*2. Suppose 0 = l*n - 1 - 9. Calculate the remainder when 42 is divided by (6 - -5)/(n + -1).
9
Suppose -2*l + 5*z + 47 = -0*l, -2*l - 2*z = -12. Calculate the remainder when 18 is divided by l.
7
Let u(x) = x**3 - 8*x**2 - 9*x + 9. Let p(m) = m**2 + 8*m + 7. Let c = 7 - 16. Calculate the remainder when p(c) is divided by u(9).
7
Let z(k) = 3*k**2 + 2*k + 1. Let m(l) = 2*l**2 - l - 1. Calculate the remainder when z(2) is divided by m(-2).
8
Suppose 3*g - 3*x - 6 = 0, 0 = -0*g + 3*g + 4*x - 20. Suppose g*c = 2*q, -4*q - c = -q. Suppose 2*m + 4 - 8 = q. Calculate the remainder when 5 is divided by m.
1
Let k(m) = 10*m - 6. What is the remainder when k(4) is divided by 9?
7
Suppose 2*j - 34 = 4*y, 8*j - 9*j - 2*y + 29 = 0. What is the remainder when 41 is divided by j?
18
Let o = 49 - 36. Calculate the remainder when o is divided by 4.
1
Suppose 2*r = 2*h - 50, 3*r + 2*r - 55 = -4*h. What is the remainder when h is divided by (-2)/(-1*4/14)?
6
Let h = 95 + -46. Let m = 93 - 43. Suppose -m = -3*j + j. Calculate the remainder when h is divided by j.
24
Let g(t) = -t**3 - 19*t**2 + 20*t + 29. What is the remainder when 53 is divided by g(-20)?
24
Let y = 169 - 98. What is the remainder when y is divided by 18?
17
Let d = 0 + 5. Let v(m) = -m**3 + 8*m**2 - 2*m - 3. Calculate the remainder when v(d) is divided by 16.
14
Let y(h) = h**3 + 8*h**2 + 13*h + 14. Calculate the remainder when 41 is divided by y(-5).
17
What is the remainder when 19 is divided by ((-2)/6)/(12/(-360))?
9
Suppose -2*o = 10, -3*u - o - 8 = -3. Suppose 10 = 2*g - 22. Let y = g - u. What is the remainder when y is divided by 6?
4
Let s(y) be the second derivative of y**4/12 - y**3/3 - 2*y**2 - y. Let c(k) = -5*k - 7. Calculate the remainder when c(-13) is divided by s(6).
18
What is the remainder when 13/78 + (-131)/(-6) is divided by 13?
9
Let z(g) = 13*g - 5. Let w(n) = n**2 + 8*n - 3. Let m be w(-9). What is the remainder when z(m) is divided by 25?
23
Suppose 0 = 2*t - 4, -3*i + 4*t + 287 - 49 = 0. Let d = 117 - i. Calculate the remainder when d is divided by 12.
11
Let g = -29 + 43. What is the remainder when 40 is divided by g?
12
Let n be (-2)/(-7) - 220/(-14). Let p = n + 9. What is the remainder when p is divided by 13?
12
Let r = 27 - 12. Let t(c) = 6*c + 81. What is the remainder when t(-9) is divided by r?
12
Let s = -8 + 5. Suppose -v + 5 + 5 = 0. What is the remainder when (39/s)/((-2)/6) is divided by v?
9
Let u = 23 + -12. Suppose -l = -2*f - 0 + 13, f = 2*l + u. What is the remainder when 9 is divided by f?
4
Suppose 4*r - 85 = -3*d, 31 = 3*d - 3*r - 47. What is the remainder when 7 is divided by 87/d - (-4)/(-18)?
1
Let k = 1 + 18. Calculate the remainder when 36 is divided by k.
17
Suppose 7*z - 4*z - 15 = 0. What is the remainder when 8 is divided by z?
3
Suppose -2*i = -k + 5, 5*k + 2*i = 2*k + 55. Suppose 15*r + 15 = 12*r, 5*v = -4*r. Calculate the remainder when k is divided by v.
3
Let l = -47 + 68. Suppose -8*w = -3*w + 3*h + 12, 2*w = -4*h - 16. Suppose w = -2*t + 10 + 12. What is the remainder when l is divided by t?
10
Let o(w) = w**3 - 15*w**2 + 2*w + 78. Calculate the remainder when o(15) is divided by 56.
52
Let l(m) = 6*m - 6. Let r = 7 + -12. Let o = r - -18. What is the remainder when l(5) is divided by o?
11
Let x = 9 - -4. Let m(i) = 37*i**3 + i**2 - 1. What is the remainder when m(1) is divided by x?
11
Suppose s = 2*s + 4. Let p(j) = -j**3 - 5*j**2 - 5*j - 6. Let r be p(s). What is the remainder when (2 - 0)/((-1)/r) is divided by 2?
0
Suppose -3*o - 13 + 5 = -4*b, 0 = 4*b - 5*o. Suppose p + 0 = b. What is the remainder when 9 is divided by p?
4
Suppose -3*q = -3 + 12, 54 = 4*j + 2*q. Let k be (5/(-2))/((-2)/4). Suppose 2*y + 129 = k*y. Calculate the remainder when y is divided by j.
13
Suppose -i - 5*l + 89 = -5, 2*l - 376 = -4*i. Suppose -3*j + 75 = 3. What is the remainder when i is divided by j?
22
Let c(h) = -8*h**2 + 43*h. Calculate the remainder when 115 is divided by c(5).
10
Let h = 7 + -10. Let o be 46/5 - h/(-15). Suppose 0 = -2*m + 5*m - o. What is the remainder when m is divided by 1?
0
Let m be 88/(-12) + 2/(-3). Let h(a) = 2*a**2 + 4*a - 8. What is the remainder when h(-6) is divided by 171/12 - (-2)/m?
12
Suppose 18 = -5*i + 118. Let k be -1*(10 - 2/(-1)). Let x = k + 19. What is the remainder when i is divided by x?
6
Let c(q) = -13*q**2 + q - 6. Let n(t) = -7*t**2 - 3. Let i(o) = 6*c(o) - 11*n(o). Let r = 9 + -6. What is the remainder when i(4) is divided by r?
2
Let v(c) = 3*c**2 + 37*c + 34. Calculate the remainder when v(-14) is divided by 27.
23
Let y be 1 + 34 + 1 + 1. Let v = y + -18. Let x(z) = -z**3 + 3*z**2 + 2*z + 4. What is the remainder when v is divided by x(3)?
9
Suppose 4*v + 5*y = 74, -2*v - 3*v + 95 = 5*y. Calculate the remainder when 80 is divided by v.
17
Suppose -3*j - 49 = -2*r, -2*r + 7*r = 4*j + 133. Calculate the remainder when r is divided by 8.
5
Let b(v) = -v**2 + 10. Let h = 1 + -1. Let q be b(h). What is the remainder when 35 is divided by 2 + q/(2 - 1)?
11
Suppose -c = 3*g - 8, -2*g = -g + 5*c + 16. Calculate the remainder when 14 is divided by g.
2
Let t(h) = h**3 + 9*h**2 + 7*h + 3. Suppose 2*s + 4*q - 48 = -0*s, 0 = -2*s + 2*q + 72. Calculate the remainder when s is divided by t(-8).
10
Let n = 46 + 28. Calculate the remainder when n is divided by 25.
24
Suppose 4*s + 4*q = 12, 5*q - 9 = 2*q. Let n(p) = p**3 + p + 13. Calculate the remainder when 38 is divided by n(s).
12
Calculate the remainder when (-123)/(-2 + -2 - -3) is divided by 25.
23
Suppose -3*o + 5*o = 52. Calculate the remainder when ((-1)/2)/((-1)/o) is divided by 5.
3
Let y be (-3)/3*31*-1. Let l = 48 - y. What is the remainder when 32 is divided by l?
15
Let z = 37 + -19. Calculate the remainder when 52 is divided by z.
16
Let s be (3 - 3)*(-2)/(-6). Suppose s = 5*z - 10 - 5. Suppose -z*h - a + 86 = -46, -166 = -4*h + 2*a. What is the remainder when h is divided by 11?
10
Suppose -2*z + 48 = -10. Let a = -12 - -23. What is the remainder when z is divided by a?
7
Suppose -10 = 2*y - 120. Calculate the remainder when y is divided by ((-2)/(8/(-76)))/1.
17
Suppose 2*g - 2*j - 28 = -3*g, -2*g = 2*j. What is the remainder when 11 is divided by g?
3
What is the remainder when 9 is divided by 3650/949 + (-11)/13 + 1?
1
Let n(g) = 5*g**2 + 2*g - 2. Suppose 4*h = 6*h - 98. Suppose -4*w + 3 = -h. Calculate the remainder when n(-3) is divided by w.
11
Suppose -6*a + a = -60. Suppose s - 5*d = 6*s - 95, 0 = -5*s - 4*d + 98. What is the remainder when s is divided by a?
10
Let i(l) = 7*l**3 - 3*l**2 + l - 2. Let b be i(2). Suppose -k + b = 10. What is the remainder when k is divided by 12?
10
Let l(m) = -m**3 + 5*m**2 + 10*m - 10. Let p(g) = 2*g. What is the remainder when l(6) is divided by p(4)?
6
Suppose 5*j = -6*p + 2*p + 35, 0 = 3*p - j - 12. Suppose 15 + 0 = p*c. Calculate the remainder when 8 is divided by c.
2
Suppose -a + 2*a = -18. Let u = a + 33. What is the remainder when 28 is divided by u?
13
Suppose y + b - 16 = 0, -12*y = -8*y - 2*b - 76. Calculate the remainder when y is divided by 7.
4
Let v(q) = -q**3 + 5*q**2 + 6*q + 2. Let c be v(6). Let f be 7/c + 1/(-2). Suppose b - 9 + f = 0. Calculate the remainder when 16 is divided by b.
4
Let q(k) = -k**3 - 5*k**